{"id":778,"date":"2023-08-22T13:37:58","date_gmt":"2023-08-22T13:37:58","guid":{"rendered":"https:\/\/www.medmpaforum.org\/med-mpa-forum\/"},"modified":"2023-11-16T11:38:30","modified_gmt":"2023-11-16T11:38:30","slug":"med-mpa-forum","status":"publish","type":"page","link":"https:\/\/www.medmpaforum.org\/fr\/med-mpa-forum\/","title":{"rendered":"Le Forum des AMP de M\u00e9diterran\u00e9e"},"content":{"rendered":"\n<p class=\"has-text-align-center\">En 2012, un rassemblement historique \u00e0 Antalya, en Turquie, a r\u00e9uni plus de 300 acteurs cl\u00e9s du milieu marin, dans le but de d\u00e9velopper un programme commun visant \u00e0 faire progresser les Aires Marines Prot\u00e9g\u00e9es de M\u00e9diterran\u00e9e. Depuis lors, des objectifs ambitieux ont \u00e9t\u00e9 fix\u00e9s pour pr\u00e9server la biodiversit\u00e9 marine de la r\u00e9gion. Le Forum des AMP de M\u00e9diterran\u00e9e a lieu tous les quatre ans. D\u00e9couvrez les particularit\u00e9s de chaque \u00e9dition ci-dessous.<\/p>\n\n<div style=\"height:100px\" aria-hidden=\"true\" class=\"wp-block-spacer\"><\/div>\n\n<div class=\"wp-block-buttons is-content-justification-center is-layout-flex wp-container-core-buttons-is-layout-8fe59304 wp-block-buttons-is-layout-flex\">\n<div class=\"wp-block-button hover-tertiary\"><a class=\"wp-block-button__link has-primary-background-color has-background has-text-align-center wp-element-button\" href=\"https:\/\/www.medmpaforum.org\/fr\/med-mpa-forum\/ledition-du-forum-2012\/\" style=\"padding-top:var(--wp--preset--spacing--30);padding-bottom:var(--wp--preset--spacing--30)\"><mark style=\"background-color:rgba(0, 0, 0, 0)\" class=\"has-inline-color has-base-color\"><strong>2012<\/strong><br\/>\u00c9dition du Forum<\/mark><\/a><\/div>\n\n\n\n<div class=\"wp-block-button\"><a class=\"wp-block-button__link wp-element-button\" href=\"https:\/\/www.medmpaforum.org\/fr\/med-mpa-forum\/ledition-2016\/\" style=\"padding-top:var(--wp--preset--spacing--30);padding-bottom:var(--wp--preset--spacing--30)\"><strong>2016<\/strong><br\/>\u00c9dition du Forum<\/a><\/div>\n\n\n\n<div class=\"wp-block-button hover-tertiary\"><a class=\"wp-block-button__link has-primary-background-color has-background wp-element-button\" href=\"https:\/\/www.medmpaforum.org\/fr\/med-mpa-forum\/ledition-2020-2021\/\" style=\"padding-top:var(--wp--preset--spacing--30);padding-bottom:var(--wp--preset--spacing--30)\"><strong>2020\/2021<\/strong><br\/>\u00c9dition du Forum<\/a><\/div>\n<\/div>\n\n<div style=\"height:100px\" aria-hidden=\"true\" class=\"wp-block-spacer\"><\/div>\n\n<figure class=\"wp-block-image alignfull size-full\"><img loading=\"lazy\" decoding=\"async\" width=\"1920\" height=\"506\" src=\"https:\/\/www.medmpaforum.org\/wp-content\/uploads\/2023\/08\/MEDPAN_forum_img.png\" alt=\"\" class=\"wp-image-154\" srcset=\"https:\/\/www.medmpaforum.org\/wp-content\/uploads\/2023\/08\/MEDPAN_forum_img.png 1920w, https:\/\/www.medmpaforum.org\/wp-content\/uploads\/2023\/08\/MEDPAN_forum_img-300x79.png 300w, https:\/\/www.medmpaforum.org\/wp-content\/uploads\/2023\/08\/MEDPAN_forum_img-1024x270.png 1024w, https:\/\/www.medmpaforum.org\/wp-content\/uploads\/2023\/08\/MEDPAN_forum_img-768x202.png 768w, https:\/\/www.medmpaforum.org\/wp-content\/uploads\/2023\/08\/MEDPAN_forum_img-1536x405.png 1536w\" sizes=\"auto, (max-width: 1920px) 100vw, 1920px\" \/><\/figure>\n","protected":false},"excerpt":{"rendered":"<p>En 2012, un rassemblement historique \u00e0 Antalya, en Turquie, a r\u00e9uni plus de 300 acteurs cl\u00e9s du milieu marin, dans le but de d\u00e9velopper un programme commun visant \u00e0 faire progresser les Aires Marines Prot\u00e9g\u00e9es de M\u00e9diterran\u00e9e. Depuis lors, des objectifs ambitieux ont \u00e9t\u00e9 fix\u00e9s pour pr\u00e9server la biodiversit\u00e9 marine de la r\u00e9gion. Le Forum [&hellip;]<\/p>\n","protected":false},"author":1,"featured_media":0,"parent":0,"menu_order":0,"comment_status":"closed","ping_status":"closed","template":"","meta":{"_eb_attr":"","footnotes":""},"class_list":["post-778","page","type-page","status-publish","hentry"],"_links":{"self":[{"href":"https:\/\/www.medmpaforum.org\/fr\/wp-json\/wp\/v2\/pages\/778","targetHints":{"allow":["GET"]}}],"collection":[{"href":"https:\/\/www.medmpaforum.org\/fr\/wp-json\/wp\/v2\/pages"}],"about":[{"href":"https:\/\/www.medmpaforum.org\/fr\/wp-json\/wp\/v2\/types\/page"}],"author":[{"embeddable":true,"href":"https:\/\/www.medmpaforum.org\/fr\/wp-json\/wp\/v2\/users\/1"}],"replies":[{"embeddable":true,"href":"https:\/\/www.medmpaforum.org\/fr\/wp-json\/wp\/v2\/comments?post=778"}],"version-history":[{"count":9,"href":"https:\/\/www.medmpaforum.org\/fr\/wp-json\/wp\/v2\/pages\/778\/revisions"}],"predecessor-version":[{"id":1497,"href":"https:\/\/www.medmpaforum.org\/fr\/wp-json\/wp\/v2\/pages\/778\/revisions\/1497"}],"wp:attachment":[{"href":"https:\/\/www.medmpaforum.org\/fr\/wp-json\/wp\/v2\/media?parent=778"}],"curies":[{"name":"wp","href":"https:\/\/api.w.org\/{rel}","templated":true}]}}

Le Forum des AMP de Méditerranée

<p class="has-text-align-center">En 2012, un rassemblement historique à Antalya, en Turquie, a réuni plus de 300 acteurs clés du milieu marin, dans le but de développer un programme commun visant à faire progresser les Aires Marines Protégées de Méditerranée. Depuis lors, des objectifs ambitieux ont été fixés pour préserver la biodiversité marine de la région. Le Forum des AMP de Méditerranée a lieu tous les quatre ans. Découvrez les particularités de chaque édition ci-dessous.</p>

<div style="height:100px" aria-hidden="true" class="wp-block-spacer"></div>

<div class="wp-block-buttons is-content-justification-center is-layout-flex wp-container-core-buttons-is-layout-8fe59304 wp-block-buttons-is-layout-flex">
<div class="wp-block-button hover-tertiary"><a class="wp-block-button__link has-primary-background-color has-background has-text-align-center wp-element-button" href="https://www.medmpaforum.org/fr/med-mpa-forum/ledition-du-forum-2012/" style="padding-top:var(--wp--preset--spacing--30);padding-bottom:var(--wp--preset--spacing--30)"><mark style="background-color:rgba(0, 0, 0, 0)" class="has-inline-color has-base-color"><strong>2012</strong><br/>Édition du Forum</mark></a></div>



<div class="wp-block-button"><a class="wp-block-button__link wp-element-button" href="https://www.medmpaforum.org/fr/med-mpa-forum/ledition-2016/" style="padding-top:var(--wp--preset--spacing--30);padding-bottom:var(--wp--preset--spacing--30)"><strong>2016</strong><br/>Édition du Forum</a></div>



<div class="wp-block-button hover-tertiary"><a class="wp-block-button__link has-primary-background-color has-background wp-element-button" href="https://www.medmpaforum.org/fr/med-mpa-forum/ledition-2020-2021/" style="padding-top:var(--wp--preset--spacing--30);padding-bottom:var(--wp--preset--spacing--30)"><strong>2020/2021</strong><br/>Édition du Forum</a></div>
</div>

<div style="height:100px" aria-hidden="true" class="wp-block-spacer"></div>

<figure class="wp-block-image alignfull size-full"><img loading="lazy" decoding="async" width="1920" height="506" src="https://www.medmpaforum.org/wp-content/uploads/2023/08/MEDPAN_forum_img.png" alt="" class="wp-image-154" srcset="https://www.medmpaforum.org/wp-content/uploads/2023/08/MEDPAN_forum_img.png 1920w, https://www.medmpaforum.org/wp-content/uploads/2023/08/MEDPAN_forum_img-300x79.png 300w, https://www.medmpaforum.org/wp-content/uploads/2023/08/MEDPAN_forum_img-1024x270.png 1024w, https://www.medmpaforum.org/wp-content/uploads/2023/08/MEDPAN_forum_img-768x202.png 768w, https://www.medmpaforum.org/wp-content/uploads/2023/08/MEDPAN_forum_img-1536x405.png 1536w" sizes="auto, (max-width: 1920px) 100vw, 1920px" /></figure>

<p>En 2012, un rassemblement historique à Antalya, en Turquie, a réuni plus de 300 acteurs clés du milieu marin, dans le but de développer un programme commun visant à faire progresser les Aires Marines Protégées de Méditerranée. Depuis lors, des objectifs ambitieux ont été fixés pour préserver la biodiversité marine de la région. Le Forum [&hellip;]</p>
